 0 = 5*k - k - 192. Let u be (3/(-2))/((-3)/k). Let b(q) = q**3 - q**2 - q + 60. Let g be b(0). Calculate the highest common divisor of u and g.
12
Let l(z) be the second derivative of z**3/2 - z**2 - 5*z. Let i be l(2). What is the highest common divisor of i and 16?
4
Suppose 3*w - 12 = -3. Suppose -12*h + 7*h + 135 = 0. What is the highest common divisor of w and h?
3
Let l be 8/10*(-20)/(-8). Suppose 0 = -4*r - l*k - 3*k + 18, r = -k + 4. Suppose 0 = 4*t - r*t - 20. Calculate the highest common divisor of 90 and t.
10
Suppose 3*u - 101 = -2*p, 4*p - 4 = 2*u + 174. Calculate the highest common factor of p and 46.
46
Let t be (-28)/3*1/((-6)/9). Let f(g) = -g**2 + 10*g + 4. Let o be f(6). Calculate the greatest common divisor of t and o.
14
Let x = 303 - 159. What is the highest common divisor of x and 18?
18
Let q be ((-1)/(-5))/((-2)/(-10)). Let g(u) = u**2 - 2*u + 3. Let x be g(2). Suppose 3 = -x*k + 18. What is the greatest common divisor of k and q?
1
Suppose -422 = -3*r + r. Suppose 3*l - 416 = r. Let n be (-1)/2 - l/(-2). Calculate the highest common divisor of 13 and n.
13
Let u be (-1)/(-4) - 102/(-8). Calculate the highest common divisor of 26 and u.
13
Let i = -12 - -57. Calculate the greatest common divisor of 36 and i.
9
Suppose 2*t - z = 3*z + 8, -2*z = -4*t + 22. Let b(u) = 4 + 2 - 5*u + 0. Let r be b(-12). Calculate the highest common divisor of t and r.
6
Let i = 15 - -3. Calculate the greatest common divisor of i and 27.
9
Let r be 5730/45 - (-8)/(-6). What is the highest common divisor of 14 and r?
14
Let j(h) = 3*h - 1. Let g be j(10). Calculate the highest common divisor of g and 29.
29
Suppose 2*k = -2*k + 56. Calculate the highest common divisor of k and 42.
14
Let a(d) = -d + 11*d + 6*d + 12*d. Let j be a(1). Calculate the greatest common factor of j and 14.
14
Let o be 2916/45 - (-3)/15. Suppose -3*a + 6*a - 39 = 0. What is the highest common divisor of o and a?
13
Let b(n) = n**2 - 5*n - 5. Let j(z) = z**3 + 3*z**2 - 3*z - 1. Let q be j(-4). Let u be b(q). Calculate the greatest common factor of 30 and u.
15
Let n = -11 - -13. Suppose -n*k - 15 = -63. Calculate the greatest common factor of 6 and k.
6
Let l be (-361)/(-7) - 33/(-77). What is the greatest common divisor of l and 13?
13
Suppose 21 = -0*c - c. Let p be ((-3)/9 - -1)/((-3)/(-18)). Let k = p - c. Calculate the highest common divisor of k and 175.
25
Let o be (-324)/(-6)*9/6. What is the greatest common factor of o and 9?
9
Let l be (-9)/(-12)*(-12)/(-1). What is the greatest common factor of l and 1?
1
Let k = -8 - -28. Calculate the greatest common factor of k and 4.
4
Let p(w) = w**2 - 11*w + 8. Let g be p(7). Let d = -14 - g. What is the greatest common factor of d and 18?
6
Suppose 0 = -x + 5*q + 4, -2*x + 16 = -5*q - 7. Suppose -5*h + x + 26 = 0. Calculate the highest common divisor of 27 and h.
9
Let b = -21 + 373. Calculate the highest common factor of b and 22.
22
Let w be (1 - 22)*(-2)/6. What is the highest common divisor of w and 77?
7
Let h = -29 + 117. What is the highest common divisor of h and 22?
22
Suppose -4*n - 8 = -5*l, 5*l - 9 = -3*n + 20. What is the greatest common factor of n and 3?
3
Suppose 4*d = 5*t - 509, -3*t - 4*d = -4*t + 89. Calculate the highest common divisor of 7 and t.
7
Suppose -2*l + q + 15 = 3*l, -q + 5 = 5*l. Suppose -61*d = -58*d - 18. Calculate the greatest common divisor of d and l.
2
Let b(f) = -7*f**3 - 2*f**2 + 2*f + 1. Let i = -1 - 1. Let j be b(i). Suppose -2*l - l = -j. Calculate the greatest common divisor of l and 75.
15
Suppose -y + 6 = 3*h, y - 3*y + 5*h = 10. Suppose 2*a = 5*u - 133, 5*a = -y*u - u + 5. What is the highest common divisor of 125 and u?
25
Let d = -158 + 175. What is the greatest common divisor of 17 and d?
17
Let b = 146 - 208. Let o = b - -88. Calculate the greatest common divisor of 39 and o.
13
Let c = 2 - -8. Calculate the greatest common divisor of 2 and c.
2
Let y(n) = 3*n**2 - n. Let j be y(-1). Let a be 2/(-4) - (-18)/j. Suppose a*l - 7 = 21. What is the greatest common factor of l and 14?
7
Let w = 9 - -1. Let a(n) = -9*n + 3. Let d(i) = i - 11. Let z be d(8). Let v be a(z). What is the greatest common factor of w and v?
10
Suppose -169 = -5*h - 5*y + 206, 393 = 5*h - 4*y. Let t = -57 + 98. Let c = h - t. What is the highest common divisor of c and 24?
12
Suppose 16 = 2*x - 4*v - 12, 0 = 2*x - 5*v - 30. Let s = -35 - -55. Calculate the highest common divisor of s and x.
10
Let i be (-1)/((-1)/(-1))*-8. Let o(d) = -d**3 + 9*d**2 - 4*d + 1. Let c be o(i). Let t = c - -57. What is the greatest common divisor of 10 and t?
10
Let v = 15 + -5. Suppose 3*s - v = 20. Let h(q) = q**2 + q - 4. Let b be h(2). Calculate the greatest common factor of b and s.
2
Let y be -3 + 2 - 16/(-4) - -28. Calculate the highest common divisor of 217 and y.
31
Let i be (-1 - 2)*-2 + 3. Let k be (-1)/((-3)/300) + -1. Calculate the highest common factor of i and k.
9
Let i be 1*(1 - 3 - -2). Suppose -l + 55 + 33 = i. Calculate the greatest common divisor of 8 and l.
8
Let v(u) = -u**2 + 2*u**2 + 26 + 62 - u. Suppose -s + 3 = 5*p, -s = -3*p - 6 + 3. Let g be v(p). Calculate the highest common factor of 11 and g.
11
Let a(n) = 407*n**3 - n + 1. Let i be a(1). Calculate the greatest common divisor of i and 37.
37
Suppose -27*q + 984 = -19*q. Calculate the greatest common divisor of 41 and q.
41
Let w = -85 - -103. What is the highest common divisor of w and 198?
18
Let w = 3 - -21. Suppose 4*o = -m + 226, o + 2*m = -3*m + 47. Let q = o + -21. Calculate the highest common divisor of q and w.
12
Suppose -s - 2*s + 20 = -2*v, 5*s + 5*v = 0. Calculate the greatest common factor of s and 6.
2
Let s(n) = 2*n**2 + 3*n + 3. Let o be s(-2). Suppose h = o*h - 300. Calculate the highest common divisor of h and 15.
15
Let g = -324 + 221. Let q = g - -153. What is the greatest common divisor of 20 and q?
10
Suppose 4*u + 2 - 10 = 0. Suppose -c - 6*c = -7. Calculate the greatest common divisor of u and c.
1
Let z = 4 + 0. Suppose -z*d = -2 - 2. Let o be 1 - d/((-3)/51). Calculate the highest common factor of 18 and o.
18
Let z = 102 - 14. Calculate the greatest common factor of 22 and z.
22
Let z(o) = -19*o + 5. Let r be z(-13). Suppose -4*c = -0*c - r. What is the greatest common divisor of 21 and c?
21
Let z(r) = r**3 - 5*r**2 + r. Let l be z(5). Suppose 3*p + 0*p - 4*u = 69, -l*u = -2*p + 53. Calculate the highest common factor of 133 and p.
19
Suppose -32 = 5*q - q. Let u = -7 - q. Calculate the highest common factor of u and 1.
1
Suppose 3 = r - 0. Suppose -2*i + 3*n = 2*n - 2, -r*i - 5*n = -3. Suppose 0 = -5*s - 3 + 58. What is the greatest common factor of s and i?
1
Suppose 4*c + 2*i = -i + 632, c - 3*i - 173 = 0. Calculate the highest common factor of c and 23.
23
Suppose 0 = -t + 13 - 5. What is the greatest common divisor of 1 and t?
1
Suppose -3*o + 22 - 1 = 0. What is the highest common divisor of 56 and o?
7
Let c(g) = 3*g**2 + 10*g + 11. Let d be c(-11). Calculate the highest common divisor of d and 33.
33
Suppose 20*g - 19*g - 29 = 0. Calculate the highest common divisor of 87 and g.
29
Suppose 13 + 53 = -3*r. Let m(g) = -g**3 - g**2 + g + 42. Let i be m(0). Let a = r + i. What is the highest common divisor of 10 and a?
10
Let p(q) = -q**3 - 7*q**2 - 7*q + 8. Let f be p(-6). Suppose 0 = -177*x + 193*x - 1120. What is the greatest common divisor of f and x?
14
Suppose 2*k + 12 = -2*l, 5*l - 2*k = 3*l - 28. Let b = 38 + l. Calculate the greatest common divisor of 70 and b.
14
Suppose -3*b = 4*y - 5*b, -3*b + 11 = 5*y. What is the greatest common factor of 2 and y?
1
Let z = 7 + -6. Let b be 16/(z - 1 - -1). What is the greatest common factor of b and 48?
16
Suppose -2*g - 154 = -2*m, -m + 0*g + 68 = -4*g. What is the greatest common divisor of 20 and m?
20
Suppose r + 1 = -l + 7, -l = 3. Let u(x) = 7*x**2 - 2*x - 5 + 10*x - x**3 + x**2 + 2*x. Let t be u(r). What is the greatest common divisor of 16 and t?
4
Let d be (20/(-15))/((-2)/(-336)). Let h = -113 - d. Let k be (-1)/(h/(-108) + 1). What is the highest common divisor of 54 and k?
18
Let c = -26 - -42. Suppose 0 = 9*m - 13*m + c. Calculate the greatest common divisor of 20 and m.
4
Let h be 124 + (-8)/3*(-12)/(-8). What is the highest common diviso